{"id":100,"date":"2020-06-14T20:10:04","date_gmt":"2020-06-14T20:10:04","guid":{"rendered":"http:\/\/holzkunst-aus-dem-erzgebirge.de\/?page_id=100"},"modified":"2025-10-02T12:48:58","modified_gmt":"2025-10-02T12:48:58","slug":"herzlich-willkommen","status":"publish","type":"page","link":"http:\/\/holzkunst-aus-dem-erzgebirge.de\/","title":{"rendered":"Herzlich Willkommen!"},"content":{"rendered":"\t\t<div data-elementor-type=\"wp-page\" data-elementor-id=\"100\" class=\"elementor elementor-100\">\n\t\t\t\t\t\t<section class=\"elementor-section elementor-top-section elementor-element elementor-element-c449d3e elementor-section-boxed elementor-section-height-default elementor-section-height-default\" data-id=\"c449d3e\" data-element_type=\"section\" data-e-type=\"section\">\n\t\t\t\t\t\t<div class=\"elementor-container elementor-column-gap-default\">\n\t\t\t\t\t<div class=\"elementor-column elementor-col-50 elementor-top-column elementor-element elementor-element-f873bb3\" data-id=\"f873bb3\" data-element_type=\"column\" data-e-type=\"column\">\n\t\t\t<div class=\"elementor-widget-wrap elementor-element-populated\">\n\t\t\t\t\t\t<div class=\"elementor-element elementor-element-c9ae57d elementor-widget elementor-widget-text-editor\" data-id=\"c9ae57d\" data-element_type=\"widget\" data-e-type=\"widget\" data-widget_type=\"text-editor.default\">\n\t\t\t\t<div class=\"elementor-widget-container\">\n\t\t\t\t\t\t\t\t\t<p>In meinem zertifizierten Fachgesch\u00e4ft biete ich Ihnen ein umfangreiches Sortiment original erzgebirgischer Holzkunsterzeugnisse auf einer Ladenfl\u00e4che von mehr als 80 qm.<\/p><p><strong>Christa Thelen<\/strong><br \/><strong>Telefon 02151 733043<br \/>Krefelder Stra\u00dfe 50<br \/>47839 Krefeld<\/strong><\/p><p>Rufen Sie mich einfach an, wenn Sie Fragen oder W\u00fcnsche haben.<\/p>\t\t\t\t\t\t\t\t<\/div>\n\t\t\t\t<\/div>\n\t\t\t\t\t<\/div>\n\t\t<\/div>\n\t\t\t\t<div class=\"elementor-column elementor-col-50 elementor-top-column elementor-element elementor-element-df1583c\" data-id=\"df1583c\" data-element_type=\"column\" data-e-type=\"column\">\n\t\t\t<div class=\"elementor-widget-wrap elementor-element-populated\">\n\t\t\t\t\t\t<div class=\"elementor-element elementor-element-731045b elementor-widget elementor-widget-image\" data-id=\"731045b\" data-element_type=\"widget\" data-e-type=\"widget\" data-widget_type=\"image.default\">\n\t\t\t\t<div class=\"elementor-widget-container\">\n\t\t\t\t\t\t\t\t\t\t\t\t\t\t\t<img fetchpriority=\"high\" decoding=\"async\" width=\"700\" height=\"467\" src=\"https:\/\/holzkunst-aus-dem-erzgebirge.de\/wp-content\/uploads\/2022\/10\/A7305210-1-700x467.jpg\" class=\"attachment-large size-large wp-image-212\" alt=\"\" srcset=\"https:\/\/holzkunst-aus-dem-erzgebirge.de\/wp-content\/uploads\/2022\/10\/A7305210-1-700x467.jpg 700w, https:\/\/holzkunst-aus-dem-erzgebirge.de\/wp-content\/uploads\/2022\/10\/A7305210-1-300x200.jpg 300w, https:\/\/holzkunst-aus-dem-erzgebirge.de\/wp-content\/uploads\/2022\/10\/A7305210-1-768x512.jpg 768w, https:\/\/holzkunst-aus-dem-erzgebirge.de\/wp-content\/uploads\/2022\/10\/A7305210-1-1140x760.jpg 1140w, https:\/\/holzkunst-aus-dem-erzgebirge.de\/wp-content\/uploads\/2022\/10\/A7305210-1.jpg 1300w\" sizes=\"(max-width: 700px) 100vw, 700px\" \/>\t\t\t\t\t\t\t\t\t\t\t\t\t\t\t<\/div>\n\t\t\t\t<\/div>\n\t\t\t\t\t<\/div>\n\t\t<\/div>\n\t\t\t\t\t<\/div>\n\t\t<\/section>\n\t\t\t\t<section class=\"elementor-section elementor-top-section elementor-element elementor-element-fde2152 elementor-section-boxed elementor-section-height-default elementor-section-height-default\" data-id=\"fde2152\" data-element_type=\"section\" data-e-type=\"section\">\n\t\t\t\t\t\t<div class=\"elementor-container elementor-column-gap-default\">\n\t\t\t\t\t<div class=\"elementor-column elementor-col-100 elementor-top-column elementor-element elementor-element-0892deb\" data-id=\"0892deb\" data-element_type=\"column\" data-e-type=\"column\">\n\t\t\t<div class=\"elementor-widget-wrap elementor-element-populated\">\n\t\t\t\t\t\t<div class=\"elementor-element elementor-element-ce22e8e elementor-widget-divider--view-line elementor-widget elementor-widget-divider\" data-id=\"ce22e8e\" data-element_type=\"widget\" data-e-type=\"widget\" data-widget_type=\"divider.default\">\n\t\t\t\t<div class=\"elementor-widget-container\">\n\t\t\t\t\t\t\t<div class=\"elementor-divider\">\n\t\t\t<span class=\"elementor-divider-separator\">\n\t\t\t\t\t\t<\/span>\n\t\t<\/div>\n\t\t\t\t\t\t<\/div>\n\t\t\t\t<\/div>\n\t\t\t\t<div class=\"elementor-element elementor-element-9bf836d elementor-widget elementor-widget-text-editor\" data-id=\"9bf836d\" data-element_type=\"widget\" data-e-type=\"widget\" data-widget_type=\"text-editor.default\">\n\t\t\t\t<div class=\"elementor-widget-container\">\n\t\t\t\t\t\t\t\t\t<p style=\"text-align: left;\"><em>Meine \u00d6ffnungszeiten sind:<\/em><\/p><table class=\"oeffnungszeiten\"><tbody><tr><td>Montag<\/td><td>10:00-12:00 und 15:00-18:00<\/td><\/tr><tr><td>Dienstag<\/td><td>10:00-12:00 und 15:00-18:00<\/td><\/tr><tr><td>Mittwoch<\/td><td>Geschlossen<\/td><\/tr><tr><td>Donnerstag<\/td><td>10:00-12:00 und 15:00-18:00<\/td><\/tr><tr><td>Freitag<\/td><td>10:00-12:00 und 15:00-18:00<\/td><\/tr><tr><td>Samstag<\/td><td>10:00-12:00<\/td><\/tr><tr><td>Sonntag<\/td><td>geschlossen<\/td><\/tr><\/tbody><\/table><p style=\"text-align: left;\">bequeme Parkm\u00f6glichkeiten auf dem eigenen Grundst\u00fcck<\/p>\t\t\t\t\t\t\t\t<\/div>\n\t\t\t\t<\/div>\n\t\t\t\t\t<\/div>\n\t\t<\/div>\n\t\t\t\t\t<\/div>\n\t\t<\/section>\n\t\t\t\t<\/div>\n\t\t","protected":false},"excerpt":{"rendered":"<p>In meinem zertifizierten Fachgesch\u00e4ft biete ich Ihnen ein umfangreiches Sortiment original erzgebirgischer Holzkunsterzeugnisse auf einer Ladenfl\u00e4che von mehr als 80 qm. Christa ThelenTelefon 02151 733043Krefelder Stra\u00dfe 5047839 Krefeld Rufen Sie mich einfach an, wenn Sie Fragen oder W\u00fcnsche haben. Meine \u00d6ffnungszeiten sind: Montag 10:00-12:00 und 15:00-18:00 Dienstag 10:00-12:00 und 15:00-18:00 Mittwoch Geschlossen Donnerstag 10:00-12:00 und 15:00-18:00 Freitag 10:00-12:00 und 15:00-18:00 Samstag 10:00-12:00 Sonntag geschlossen bequeme Parkm\u00f6glichkeiten auf dem eigenen Grundst\u00fcck<\/p>\n","protected":false},"author":1,"featured_media":0,"parent":0,"menu_order":0,"comment_status":"closed","ping_status":"closed","template":"","meta":{"footnotes":""},"class_list":["post-100","page","type-page","status-publish","hentry"],"_links":{"self":[{"href":"http:\/\/holzkunst-aus-dem-erzgebirge.de\/index.php?rest_route=\/wp\/v2\/pages\/100","targetHints":{"allow":["GET"]}}],"collection":[{"href":"http:\/\/holzkunst-aus-dem-erzgebirge.de\/index.php?rest_route=\/wp\/v2\/pages"}],"about":[{"href":"http:\/\/holzkunst-aus-dem-erzgebirge.de\/index.php?rest_route=\/wp\/v2\/types\/page"}],"author":[{"embeddable":true,"href":"http:\/\/holzkunst-aus-dem-erzgebirge.de\/index.php?rest_route=\/wp\/v2\/users\/1"}],"replies":[{"embeddable":true,"href":"http:\/\/holzkunst-aus-dem-erzgebirge.de\/index.php?rest_route=%2Fwp%2Fv2%2Fcomments&post=100"}],"version-history":[{"count":30,"href":"http:\/\/holzkunst-aus-dem-erzgebirge.de\/index.php?rest_route=\/wp\/v2\/pages\/100\/revisions"}],"predecessor-version":[{"id":330,"href":"http:\/\/holzkunst-aus-dem-erzgebirge.de\/index.php?rest_route=\/wp\/v2\/pages\/100\/revisions\/330"}],"wp:attachment":[{"href":"http:\/\/holzkunst-aus-dem-erzgebirge.de\/index.php?rest_route=%2Fwp%2Fv2%2Fmedia&parent=100"}],"curies":[{"name":"wp","href":"https:\/\/api.w.org\/{rel}","templated":true}]}}